hat is the hundreds digit of 4448?
4
What is the tens digit of 15865?
6
What is the units digit of 96835?
5
What is the tens digit of 562?
6
What is the ten thousands digit of 11525?
1
What is the tens digit of 23592?
9
What is the tens digit of 803?
0
What is the hundreds digit of 45877?
8
What is the ten thousands digit of 15327?
1
What is the units digit of 60828?
8
What is the thousands digit of 15104?
5
What is the units digit of 43703?
3
What is the thousands digit of 4405?
4
What is the units digit of 2908?
8
What is the thousands digit of 2300?
2
What is the hundreds digit of 12597?
5
What is the hundreds digit of 1555?
5
What is the hundreds digit of 639?
6
What is the hundreds digit of 55829?
8
What is the tens digit of 16073?
7
What is the tens digit of 3628?
2
What is the tens digit of 962?
6
What is the hundreds digit of 754?
7
What is the units digit of 15813?
3
What is the units digit of 156527?
7
What is the units digit of 1160?
0
What is the hundreds digit of 3391?
3
What is the units digit of 2524?
4
What is the thousands digit of 1729?
1
What is the tens digit of 45498?
9
What is the units digit of 106?
6
What is the thousands digit of 4477?
4
What is the thousands digit of 3095?
3
What is the units digit of 4690?
0
What is the tens digit of 57023?
2
What is the hundreds digit of 891?
8
What is the hundred thousands digit of 142864?
1
What is the units digit of 22646?
6
What is the thousands digit of 62127?
2
What is the ten thousands digit of 33960?
3
What is the tens digit of 89234?
3
What is the hundreds digit of 2159?
1
What is the hundreds digit of 6884?
8
What is the tens digit of 5053?
5
What is the tens digit of 12876?
7
What is the thousands digit of 15891?
5
What is the tens digit of 688?
8
What is the hundreds digit of 184?
1
What is the ten thousands digit of 13985?
1
What is the hundreds digit of 2806?
8
What is the tens digit of 503?
0
What is the tens digit of 803?
0
What is the tens digit of 14091?
9
What is the tens digit of 1983?
8
What is the thousands digit of 14705?
4
What is the units digit of 2583?
3
What is the units digit of 81019?
9
What is the tens digit of 1933?
3
What is the tens digit of 1153?
5
What is the hundreds digit of 3581?
5
What is the hundreds digit of 7011?
0
What is the hundreds digit of 793?
7
What is the hundreds digit of 13989?
9
What is the units digit of 376?
6
What is the units digit of 335?
5
What is the units digit of 5528?
8
What is the hundreds digit of 66008?
0
What is the hundreds digit of 123743?
7
What is the hundreds digit of 397?
3
What is the tens digit of 627?
2
What is the thousands digit of 2218?
2
What is the tens digit of 74582?
8
What is the hundreds digit of 32132?
1
What is the tens digit of 10712?
1
What is the thousands digit of 8402?
8
What is the tens digit of 1553?
5
What is the thousands digit of 3376?
3
What is the thousands digit of 3177?
3
What is the tens digit of 5221?
2
What is the hundreds digit of 58487?
4
What is the ten thousands digit of 10222?
1
What is the thousands digit of 12670?
2
What is the hundreds digit of 1009?
0
What is the units digit of 107536?
6
What is the units digit of 170?
0
What is the tens digit of 3490?
9
What is the units digit of 31525?
5
What is the hundreds digit of 22228?
2
What is the units digit of 825?
5
What is the hundreds digit of 51762?
7
What is the ten thousands digit of 28262?
2
What is the tens digit of 17216?
1
What is the units digit of 93622?
2
What is the hundreds digit of 464?
4
What is the units digit of 96102?
2
What is the ten thousands digit of 58164?
5
What is the units digit of 520?
0
What is the units digit of 2344?
4
What is the thousands digit of 18312?
8
What is the units digit of 2748?
8
What is the thousands digit of 2460?
2
What is the tens digit of 33391?
9
What is the hundreds digit of 40270?
2
What is the units digit of 100844?
4
What is the ten thousands digit of 35487?
3
What is the tens digit of 4451?
5
What is the hundreds digit of 13534?
5
What is the tens digit of 852?
5
What is the thousands digit of 3729?
3
What is the ten thousands digit of 37379?
3
What is the tens digit of 10270?
7
What is the hundreds digit of 4063?
0
What is the thousands digit of 43021?
3
What is the hundreds digit of 789?
7
What is the tens digit of 304?
0
What is the ten thousands digit of 31637?
3
What is the units digit of 23280?
0
What is the ten thousands digit of 23002?
2
What is the thousands digit of 42907?
2
What is the thousands digit of 2387?
2
What is the hundreds digit of 601?
6
What is the thousands digit of 19476?
9
What is the units digit of 4305?
5
What is the tens digit of 3023?
2
What is the units digit of 948?
8
What is the hundreds digit of 32321?
3
What is the thousands digit of 8083?
8
What is the tens digit of 32382?
8
What is the thousands digit of 32600?
2
What is the units digit of 374?
4
What is the hundreds digit of 19263?
2
What is the tens digit of 1486?
8
What is the thousands digit of 9843?
9
What is the ten thousands digit of 102806?
0
What is the thousands digit of 53278?
3
What is the units digit of 969?
9
What is the tens digit of 730?
3
What is the hundreds digit of 19310?
3
What is the hundreds digit of 706?
7
What is the ten thousands digit of 14926?
1
What is the units digit of 2101?
1
What is the thousands digit of 6847?
6
What is the units digit of 826?
6
What is the hundreds digit of 6865?
8
What is the units digit of 114959?
9
What is the units digit of 3113?
3
What is the units digit of 364?
4
What is the tens digit of 2381?
8
What is the thousands digit of 1213?
1
What is the ten thousands digit of 19378?
1
What is the tens digit of 843?
4
What is the thousands digit of 7001?
7
What is the hundreds digit of 682?
6
What is the hundreds digit of 57715?
7
What is the hundreds digit of 1052?
0
What is the thousands digit of 23267?
3
What is the units digit of 1196?
6
What is the tens digit of 3765?
6
What is the tens digit of 26470?
7
What is the units digit of 24886?
6
What is the tens digit of 47357?
5
What is the units digit of 3?
3
What is the ten thousands digit of 18532?
1
What is the thousands digit of 10617?
0
What is the ten thousands digit of 18347?
1
What is the ten thousands digit of 32605?
3
What is the units digit of 717?
7
What is the thousands digit of 53840?
3
What is the units digit of 609?
9
What is the tens digit of 623?
2
What is the ten thousands digit of 59816?
5
What is the units digit of 922?
2
What is the units digit of 1708?
8
What is the units digit of 5961?
1
What is the tens digit of 1815?
1
What is the units digit of 27181?
1
What is the thousands digit of 62538?
2
What is the tens digit of 2524?
2
What is the ten thousands digit of 17782?
1
What is the units digit of 724?
4
What is the thousands digit of 1199?
1
What is the units digit of 3931?
1
What is the thousands digit of 29693?
9
What is the thousands digit of 9531?
9
What is the tens digit of 5106?
0
What is the hundreds digit of 1806?
8
What is the thousands digit of 4532?
4
What is the units digit of 4168?
8
What is the units digit of 337?
7
What is the thousands digit of 25397?
5
What is the thousands digit of 72176?
2
What is the tens digit of 395?
9
What is the units digit of 133527?
7
What is the hundreds digit of 10331?
3
What is the tens digit of 48681?
8
What is the units digit of 553?
3
What is the hundreds digit of 54772?
7
What is the tens digit of 9153?
5
What is the thousands digit of 1181?
1
What is the hundreds digit of 106042?
0
What is the units digit of 610?
0
What is the hundreds digit of 236?
2
What is the tens digit of 5525?
2
What is the tens digit of 96?
9
What is the units digit of 618?
8
What is the hundreds digit of 136315?
3
What is the thousands digit of 22274?
2
What is the thousands digit of 3227?
3
What is the hundreds digit of 2454?
4
What is the thousands digit of 26532?
6
What is the thousands digit of 1328?
1
What is the units digit of 11401?
1
What is the units digit of 242?
2
What is the tens digit of 14511?
1
What is the hundreds digit of 27821?
8
What is the units digit of 9234?
4
What is the hundreds digit of 5477?
4
What is the thousands digit of 2413?
2
What is the hundreds digit of 20507?
5
What is the tens digit of 4866?
6
W